u) - r(u). Let n be p(-10). Suppose 4*l - 33 = 3*l. What is the highest common divisor of l and n?
3
Let u(b) = 4*b**3 - 69*b**2 + 19*b + 9. Let y be u(17). What is the greatest common factor of y and 1849?
43
Suppose 205 - 145 = 6*o. Calculate the highest common divisor of 185 and o.
5
Let t be 168/70*(-5)/(-2) - (19 + -31). Let o be (-34)/4*(-1 - 1). Let v = 44 - o. What is the greatest common factor of v and t?
9
Let c = 30 - 32. Let m be 124/10 + c/5. What is the greatest common divisor of 192 and m?
12
Let y(j) = j**3 + 7*j**2 + 4*j - 2. Suppose 0 = 7*b - 9*b + 34. Let o = b - 22. Let g be y(o). What is the highest common factor of g and 14?
14
Let n(y) = 31*y + 124. Let p be n(17). Calculate the highest common factor of p and 62.
31
Suppose r - d = -17 + 83, -2*r - 3*d = -112. What is the highest common divisor of 248 and r?
62
Let q be (-5)/4*(1 + -5). Let v be (-20)/14*((-59)/2 + 5). Calculate the highest common factor of q and v.
5
Let q(v) = 7*v - 27. Let k be q(4). Let h = 7 - 4. What is the greatest common divisor of k and h?
1
Let a = -714 + 743. What is the highest common divisor of 87 and a?
29
Let f be (-7 - (-26)/4)*-160. What is the highest common factor of 48 and f?
16
Let y(x) = 21*x + 166. Let d be y(-6). What is the greatest common divisor of 32 and d?
8
Let t(n) = -n**2 + 8*n + 42. Let j be t(8). What is the greatest common factor of j and 14?
14
Let s = 436 + -425. Calculate the highest common divisor of 176 and s.
11
Let q be 243 + -2 - (0 + -1). What is the greatest common divisor of 33 and q?
11
Let g = -2 - -11. Let j(v) = -v**2 - 21*v - 56. Let f be j(-18). Let p = g + f. Calculate the highest common factor of 7 and p.
7
Suppose 7*s + 358 = 470. Calculate the greatest common factor of s and 1136.
16
Suppose -6*w + w = -10. Let m(s) = -4*s - 20. Let v be m(-12). Suppose x = 2*x + t - 20, 0 = x + 5*t - v. What is the greatest common factor of w and x?
2
Let t(x) = -x**3 - 4*x**2 - 3*x + 2. Let q be t(-4). Let n be q + 2 - 1*-2. Suppose 56*d - 53*d - 108 = 0. Calculate the greatest common factor of d and n.
18
Let k be (14/6)/(2/60). Let t(i) = 8*i**3 - 6*i**2 + 3*i - 8. Let q be t(4). Let f be (q/(-75))/(2/(-5)). Calculate the greatest common factor of f and k.
14
Let d = 15 + 3. Suppose -16 = -2*a - 3*x, -8 = x - 3*x. Suppose h + b = 17, 0 = -b + 3*b + a. Calculate the highest common factor of d and h.
18
Suppose 11 = -5*y + 61. Calculate the greatest common factor of y and 105.
5
Suppose -5*p = 5*p - 190. Suppose 23*h - 864 = p*h. What is the greatest common divisor of h and 27?
27
Let b(k) = -k**3 + 11*k**2 - 5*k + 28. Let m be b(8). Calculate the greatest common divisor of 12 and m.
12
Let n be (5 + -200)/(5/(-2) - -1). Suppose 57*v - 62*v + n = 0. Let f(o) = 16*o**2 + 7*o + 6. Let b be f(-4). Calculate the greatest common factor of b and v.
26
Suppose 253 = i - 3*n, -i = 3*n - 183 - 82. What is the highest common factor of i and 74?
37
Let z be (-4)/(0 - 4) - -3. Let f = 15 - z. What is the highest common divisor of 77 and f?
11
Let f(n) = 3*n**2 - 26*n - 396. Let c be f(-9). What is the highest common divisor of c and 99?
9
Let q(o) = -o**3 + 4*o**2 + 247*o + 29. Let x be q(-14). What is the highest common divisor of x and 88?
11
Let t be -2*3 - (-78 - -18). What is the greatest common divisor of 162 and t?
54
Suppose 0 = g - 0*i + 2*i - 24, 4*i - 16 = 0. Calculate the highest common factor of 24 and g.
8
Suppose -3*a - 3 = -9. Suppose -1 = u + 5*o + 4, -a*u + 4*o + 18 = 0. What is the highest common divisor of u and 15?
5
Let a be -3 + 5 - (-361 + 0). Let p be 3*1/(-4)*-4. Suppose -3*h - 153 = -5*g, p*g = 7*g + 2*h - 140. What is the greatest common divisor of g and a?
33
Let z(s) = 20*s**2 + 4*s - 3. Let o be z(3). Suppose 3*q = -941 + 1004. What is the greatest common factor of q and o?
21
Let r(d) = d**3 + 31*d**2 - 106*d + 7. Let n be r(-34). What is the greatest common factor of 33 and n?
11
Suppose -a + 5 + 1 = 0. Suppose -3*l + 31 - 99 = 4*c, 2*l = -8. Let d be (360/28)/((-3)/c). What is the greatest common factor of a and d?
6
Let k be (-76 - (-2 - 1))*(-2)/2. What is the greatest common divisor of 365 and k?
73
Let u be (57/(-38))/(3/(-152) - 0). What is the greatest common factor of 323 and u?
19
Let j be -56*(-5)/(-10)*-8. Calculate the greatest common divisor of j and 28.
28
Let r = 190 - 132. Let m = r + -41. Calculate the highest common divisor of m and 136.
17
Let a(d) = 4*d**3 - 16*d**2 + 40*d + 2. Let z be a(4). What is the greatest common factor of z and 189?
27
Let i be ((-24)/(-7))/(1/7). Suppose 0 = -17*h + 13*h + 48. Calculate the greatest common divisor of h and i.
12
Suppose -4*m - 148 = 3*f, m - f + 42 = -3*f. Let c = 6 - m. Calculate the highest common factor of c and 100.
20
Let p = -1272 - -1569. What is the highest common factor of 77 and p?
11
Let t be (7 + -1)*-1*(-2)/2. Let v(c) = c**2 - 3*c - 1. Let n be v(4). What is the highest common divisor of t and n?
3
Suppose -10*c = -5*c - 35. Suppose -2*g = -0*g + 366. Let s = -106 - g. Calculate the highest common divisor of s and c.
7
Let l be (3*(8000/(-6))/8)/(-1). What is the highest common factor of 625 and l?
125
Let p = 57 + -33. Let k be -6*3/(-9) - -178. Suppose 7*v - 2*v = k. What is the highest common divisor of p and v?
12
Let d be ((-50)/(-8))/(200/160). Suppose 5*a = -2*i + 40, 2*i - 2*a = -5*a + 36. What is the highest common factor of i and d?
5
Let t be 12/(9/(27/6)). Suppose -3*q + 2*a + 59 = 0, t*q - a = q + 96. Let c = -125 - -258. What is the greatest common divisor of q and c?
19
Let r be 8/6 - ((-9823)/33 + -2). Calculate the greatest common divisor of 86 and r.
43
Let f = 364 + -207. Let c = 322 - f. What is the greatest common factor of c and 15?
15
Suppose -174*l + 1292 = -170*l. What is the greatest common factor of l and 57?
19
Suppose 0 = 4*f - 5*f + c + 342, -4*c = 0. Calculate the highest common factor of 114 and f.
114
Suppose 5*m = -4*l + 204, -4*m + 6*l - l = -155. Let b = m - 30. Suppose b*y - 224 = 3*y. What is the greatest common divisor of y and 224?
32
Let j be 1 + (-30)/24 + (-369)/(-4). Let o be j/6 - 1/3. What is the highest common divisor of 135 and o?
15
Suppose -2*c + 27 + 17 = 0. What is the highest common factor of c and 352?
22
Suppose -424*y + 1290 = -418*y. Calculate the greatest common factor of 5 and y.
5
Let u be (-51)/(-2 - -5) - -1. Let s = -1 - u. Let b(r) = r**3 + 12*r**2 - 7*r - 39. Let i be b(-12). What is the highest common factor of s and i?
15
Let v = -386 - -455. Suppose -b + 2*b = 23. Calculate the greatest common factor of v and b.
23
Suppose 1 = n, -4*r = -4*n + 13 + 15. Let j be (-4)/(((-1)/r)/((-10)/30)). Suppose 4*l + 32 = 160. Calculate the greatest common divisor of l and j.
8
Suppose -2*j + 2*i = -8, -4*j + 10*i + 19 = 5*i. Let n be (4/(32/(-156)))/(j/(-2)). Calculate the highest common factor of n and 52.
13
Let j(q) = 18*q - 37. Let p be j(3). What is the highest common divisor of p and 5?
1
Let p be (-22)/(-2) + (-2)/(-2). Let r(v) = -v**2 - 30*v - 51. Let o be r(-27). What is the greatest common divisor of o and p?
6
Let g(z) = -2*z**3 - 10*z**2 + z - 3. Let r be g(-6). Let o be (16 - (-1 + 4)) + -3. Let f be o/50 - 418/(-10). What is the highest common factor of r and f?
21
Let u(x) = x**3 + 10*x**2 - 12*x - 8. Let n = 10 + -21. Let r be u(n). Let a be (30/(-20))/(r/(-4)). What is the greatest common factor of a and 6?
2
Let f = 7 + -6. Let j(u) = -u + 14. Let y be j(13). Let b be y*44/(8/2). What is the highest common divisor of b and f?
1
Let u(x) = -x**3 + 12*x**2 - 19*x - 14. Let v be u(10). Let m(i) = -2*i**3 - 4*i**2 + 8*i + 4. Let k be m(v). Calculate the greatest common divisor of k and 18.
18
Let u = 238 + -31. Calculate the highest common factor of u and 45.
9
Suppose 4*r - 192 = -3*b + b, -2*b = 2*r - 200. Let k(l) = -10*l + 5. Let o be k(-6). Let q = 78 - o. What is the highest common factor of q and b?
13
Let p(k) = 4*k**2 + k + 1. Let l be p(4). Let u = l + -101. Let i be u/(-4) - (2 - 4). Calculate the greatest common divisor of i and 4.
2
Let p(y) = -y**3 - 14*y**2 + 13*y + 18. Let x be p(-15). Calculate the highest common factor of 12 and x.
12
Let s be (-3 - (-12)/3)*189. Let d(q) = -q**3 + 4*q**2 + 7*q + 17. Let j be d(5). What is the 